. Calculate the highest common factor of 39 and p.
39
Let p be 2/(2/81*1). Let u = -26 + 40. Let f = -5 + u. What is the highest common factor of p and f?
9
Suppose -4*h - 45 - 99 = 0. Let n = h - -54. Let t be 36/((n/4)/3). What is the greatest common divisor of t and 3?
3
Suppose -4*q + 1 = h + 2*h, q + 2 = 0. Suppose 4*y = -0*y + 5*u + 29, -12 = 3*y + h*u. What is the greatest common divisor of y and 13?
1
Let t = 15 - 11. Suppose -o + 8 = w - 13, 38 = 2*o + t*w. Let k be ((-2886)/(-143) - 20) + (-1263)/(-11). What is the greatest common factor of o and k?
23
Let s(f) = 11*f**2 - 3*f - 6. Let v be s(-4). Suppose -a + v = m, -3*m + 566 = 3*a - 4*m. Calculate the highest common factor of a and 11.
11
Let j(x) be the second derivative of -x**4/12 - 4*x**3/3 + 5*x**2/2 - 5*x. Let h be j(-5). Let o = -15 + h. Calculate the greatest common divisor of o and 5.
5
Let j be 1536/18 - 28/21. Calculate the highest common divisor of 12 and j.
12
Let z = 131 - 61. Calculate the greatest common factor of z and 35.
35
Let d = -1 + 2. Let h be (-21)/18 + d/6. Let w(p) = -12*p - 1. Let j be w(h). What is the highest common factor of j and 33?
11
Let n = -61 - -64. Suppose -n*f + 136 + 164 = 0. What is the highest common divisor of f and 20?
20
Suppose -4*a + 2*z + 16 + 20 = 0, 4*a - 4*z = 36. Let q be 3*8/a*6. What is the highest common divisor of q and 4?
4
Let w(h) = 4*h - 34. Let p be w(11). Let i = 45 - 35. What is the highest common factor of p and i?
10
Let n = -19 + 23. Suppose n*i = 4 + 16, -5*f + 235 = 2*i. Calculate the highest common factor of f and 15.
15
Suppose d = 4*v - 3*v + 27, 15 = -5*v. Calculate the greatest common divisor of d and 168.
24
Suppose 0 = 32*a - 274 - 270. Let p = 51 + -3. Let m = p + 105. Calculate the greatest common factor of m and a.
17
Let z(h) = 167*h**3 - h**2 - 4*h + 9. Let x be z(2). What is the greatest common divisor of 93 and x?
31
Let c be ((-637)/(-196))/((-1)/(-8)). Let m be (-1 + 5 + -2)*13. What is the greatest common divisor of c and m?
26
Suppose -6 + 9 = 3*w. Let y = -10 - w. Let d = y + 16. Calculate the greatest common divisor of 45 and d.
5
Let c be 121/(-1331) + (-1101)/(-11). Calculate the highest common divisor of 140 and c.
20
Let q(t) = -3*t**3 - 11*t**2 + 6*t + 31. Let b be q(-6). What is the highest common divisor of 38 and b?
19
Let x be (-1 + 139)*50/(-30). Let d = -149 - x. What is the highest common factor of d and 9?
9
Let g(h) be the second derivative of 11/12*h**4 + h - 1/20*h**5 - 13/6*h**3 + 0 + 11/2*h**2. Let z be g(9). What is the greatest common divisor of z and 14?
14
Let k be (-143)/(-2) - ((-12)/8)/3. What is the highest common factor of k and 8?
8
Let u be (80/5)/((-4)/(-32)). Let q(y) = -y**3 - y**2 + 16. Let h be q(0). What is the highest common divisor of h and u?
16
Suppose 5*f - 598 = -2*n - 223, -f + 75 = 5*n. Let o = f + 110. Calculate the highest common divisor of 74 and o.
37
Suppose 3*u + 5*t + 393 = 0, 16*t = -3*u + 17*t - 375. Let k = -124 - u. Calculate the highest common factor of 38 and k.
2
Let v be 2 - 5 - 4*327/(-6). Calculate the greatest common factor of v and 35.
5
Suppose -b + 12 + 18 = 0. Suppose -4*x + b = x. Suppose -f - m + x = 0, 5*m = 3*m + 8. What is the highest common factor of 1 and f?
1
Let l(q) = q**3 + 17*q**2 + 28*q + 56. Let n be l(-14). What is the greatest common factor of n and 288?
36
Let y(u) = 3*u**2 + 17*u - 30. Let t be y(-10). Calculate the greatest common divisor of t and 220.
20
Let i be 10*(-4)/24*-3. Suppose -s = -i*s. Let c(v) = -v + 4. Let z be c(s). Calculate the highest common divisor of z and 28.
4
Let y(o) = o - 8. Let j be y(3). Let z(d) = -3*d - 11. Let r be z(j). Suppose -r*l = -7*l + 39. What is the highest common divisor of 104 and l?
13
Suppose -4*m - 3*m + 105 = 0. Let t = 306 + -186. What is the greatest common factor of m and t?
15
Let m = 87 + -123. Let l be (-783)/m - (-1)/4. Suppose -5*b + 242 = g, g - 1210 = -4*g - b. What is the highest common divisor of g and l?
22
Let k(a) be the first derivative of a**4/4 - a**3 - a**2 - a - 18. Let d be k(4). What is the greatest common divisor of 203 and d?
7
Let v(n) be the first derivative of -3*n**2/2 + 7*n - 5. Let d be v(-6). Let j = d + -4. Calculate the highest common factor of 63 and j.
21
Let g = -18 + 11. Let m be g + 9 - (-9)/1. Calculate the highest common factor of 77 and m.
11
Let k = 558 - 138. What is the highest common divisor of 168 and k?
84
Suppose 8*o - 226 = 94. What is the highest common divisor of 24 and o?
8
Let r = -168 + 175. Suppose -3*d + 2*d = -91. What is the highest common factor of r and d?
7
Suppose -8 = -3*d - l + 2*l, 0 = -2*l + 2. Let k be 20/d*24/2. Let j(a) = 4*a**2 - 3*a - 165. Let m be j(7). What is the highest common factor of m and k?
10
Suppose 0 = -2*s + 3*y + 13 - 24, -4*s = 4*y - 28. Suppose -2*f + 14 = -18. What is the greatest common divisor of f and s?
2
Let h = -1560 + 2301. Calculate the highest common divisor of h and 114.
57
Suppose -s - 4*f = -23, 0 = 3*s - 4*f + f - 84. Suppose -g + 3 = v, 5*v + 6 - 27 = -3*g. Let y = v - -12. What is the highest common divisor of s and y?
9
Let z = -77 + 445. Calculate the highest common factor of 46 and z.
46
Let s(n) = 7*n + 120. Let p be s(-15). What is the greatest common factor of p and 15?
15
Suppose -7*d - 15 = -71. Let r = 66 - d. What is the highest common factor of 29 and r?
29
Let s = -128 + 132. What is the highest common factor of s and 14?
2
Let l(x) = -x**2 + 4*x + 9. Let a be l(7). Let b be 164/6*(-18)/a. Suppose -40*d - 19 = -b*d. What is the greatest common divisor of 19 and d?
19
Let k = -12 - -15. Suppose -40 = -k*b - 4*r, 5*b - 82 = 3*r - 2*r. Let s be (12/10)/((-12)/(-640)). What is the highest common divisor of b and s?
16
Let s(v) = v**3 + 33*v**2 - 32*v + 133. Let d be s(-34). Calculate the highest common divisor of 585 and d.
65
Suppose 5*b + 24*t - 23 = 26*t, 1 = t. Calculate the greatest common divisor of b and 155.
5
Let z(w) = 79*w**2 + w - 1. Let g be z(-1). Let q = g + -46. Calculate the highest common factor of q and 217.
31
Let h = 14 + -3. Let v(d) = -21*d + 284. Let p be v(13). Calculate the highest common factor of p and h.
11
Suppose 4*o + 2*d - 404 = 0, o + 492 = 6*o - 4*d. What is the greatest common divisor of o and 4?
4
Let m(q) = q**3 - 2*q**2 + 2. Let t be m(2). Suppose i + 4 = 2*p + t*i, -4*p - 5*i = -14. What is the highest common divisor of p and 1?
1
Suppose t = -5 + 22. Suppose 3*s + t - 53 = 0. Calculate the highest common divisor of s and 12.
12
Suppose -5366 = -4*o + 18*y - 19*y, 3*o - 4*y - 4034 = 0. Calculate the highest common divisor of o and 61.
61
Suppose 2*y + 356 - 452 = 0. Calculate the greatest common divisor of 16 and y.
16
Suppose -2*r + 43 = 5*h, 3*r - 139 = -2*r - 2*h. Suppose -r*t = -26*t - 684. What is the greatest common divisor of 12 and t?
12
Let k = -304 - -321. What is the greatest common divisor of k and 34?
17
Let k be (2 - 0)/(1*(-8)/(-20)). Suppose 20 = -k*d - 0*d, -3*d = -s + 30. Calculate the highest common factor of 24 and s.
6
Let v = 66 - 49. Let p = -6 + v. Calculate the greatest common factor of 165 and p.
11
Suppose -4*b - 803 = -3*j, -2*j - 2*b = -136 - 390. Calculate the highest common divisor of j and 53.
53
Suppose -13*t = -14*t + 17. Suppose 16*m = t*m - 12. Calculate the highest common factor of m and 156.
12
Suppose -21 - 363 = -j. Suppose -5*w + 131 = -j. Suppose w = 5*p - f, 2*p + 3*f + 35 = 83. What is the greatest common divisor of p and 189?
21
Suppose 7*g - 6*g - 3*c - 28 = 0, 4*g - 68 = c. Suppose 4*w + 0*w = v + 509, -4*v - 628 = -5*w. Calculate the greatest common factor of g and w.
16
Suppose 70 = -4*t + t - 5*b, b = -t - 20. Let x be (-5)/t*6/2 - -3. What is the highest common divisor of x and 8?
4
Let b = -334 - -375. What is the highest common factor of b and 205?
41
Suppose -6*c = 35 - 77. Suppose 2*o - 55 = -3*m, -3*o + 64 = 2*m - 31. Calculate the highest common factor of c and o.
7
Suppose -10*f + 13*f = -45. Let h be (-6)/f - ((-48)/5 + 0). Calculate the highest common divisor of 4 and h.
2
Suppose 5*m = 0, -5*s - 31*m = -34*m - 1840. Calculate the highest common divisor of 23 and s.
23
Let k(i) = 7*i**2 - i - 1. Let u be k(-1). Suppose -4*x = 2*w + 18 - 78, -4*x + 2*w = -